- 1756. List the prime factors of x.
2, 3, 37
Suppose 6*j = -j - j. Suppose j = 20*k - 33*k + 7579. List the prime factors of k.
11, 53
Let t(v) = 10*v**2 - 6*v + 7. Let b(x) = 4*x**3 + x**2 - 5*x + 4. Let q(r) = r**2 - 4*r - 4. Let l be q(5). Let m be b(l). What are the prime factors of t(m)?
11, 13
Let y = 2451 - 2457. Let a(h) = 100*h + 144. Let z(x) = 11*x + 16. Let p(d) = 3*a(d) - 28*z(d). What are the prime factors of p(y)?
2
Let s be ((-3)/(1 - 7))/(3/54). Suppose -b - 5*o - 3 = s, -5*o = -3*b + 24. Suppose -253 = -5*r - b*c + 4*c, -15 = 5*c. What are the prime factors of r?
2, 5
Suppose 5*t - 4586 - 769 = 0. Let v = t + -696. List the prime factors of v.
3, 5
Suppose 5*x - 26 = 4. Let n be (57/x)/((-5)/(-80)). Suppose -w + 40 = -4*g + n, 2*w - 8 = 0. List the prime factors of g.
29
Suppose 3*d - 25 = 2*h - 0*h, 0 = 5*h + 3*d + 10. Let r be (9/6)/(h/(-610)). Suppose -4*q + q = -r. What are the prime factors of q?
61
Suppose -z = -3*j + 90886, 2*j - 12189 - 48411 = -4*z. What are the prime factors of j?
2, 7, 541
Suppose 10*u - 7 = 13. Let r be -4 - (-3198)/(-21) - u/(-7). List the prime factors of 4/((16/r)/(-2)) - -4.
2, 41
Let w be (806/(-65))/((-2)/30). Suppose -5*y + 194 = g, 4*g = 5*y + 3*g - w. Suppose 3*c - 5*c + y = 0. What are the prime factors of c?
19
Suppose 0 = 5*f + 15, -2*f = -10*i + 5*i + 3461. List the prime factors of i.
691
Suppose -16*l = 6*l - 330. Suppose 0 = -5*q - m + 2590, -l = -m - 2*m. What are the prime factors of q?
11, 47
Suppose -9 = -3*p + 129. Suppose p = 3*b + 10. Suppose a - 36 = v, -4*v = -a + 39 - b. List the prime factors of a.
3, 13
Let i(w) = -11 - 13*w**2 + 4*w**2 + 7*w**2 + 8*w + w**2. Let j be i(7). List the prime factors of (9/(-15))/(j/100).
3, 5
Suppose -4*t - 620 = -5*o + 532, 2*o - 462 = t. What are the prime factors of o?
2, 29
Suppose 449564 - 446617 - 1036871 = -106*j. List the prime factors of j.
2, 4877
Let a = 22627 - -15012. List the prime factors of a.
7, 19, 283
Suppose -3*f - 2*g = -4716, 0*g - 2*g + 6292 = 4*f. List the prime factors of f.
2, 197
Suppose -4659276 - 12435519 = -465*y. What are the prime factors of y?
97, 379
Suppose 1113 = -6*b + 4293. Suppose 0 = -w + 3*w - b. Suppose 7*g - 4*g - q = w, 4*g - 355 = 3*q. What are the prime factors of g?
2, 11
Let m(k) = 2435*k + 722. List the prime factors of m(4).
2, 5231
Let d(x) = x**3 + 8*x**2 - 2*x - 14. Let b be d(-8). Suppose 0 = b*q + 96 - 516. Suppose q = 3*m - 3*o, o = 5*m - o - 344. What are the prime factors of m?
2, 17
List the prime factors of 1560396/48 - -9 - ((-26)/(-8) - 2).
2, 11, 739
Let b be (0 - 3)*(0 + (-21)/(-3)). What are the prime factors of 985/3 - (-7)/b?
2, 41
List the prime factors of (-4)/(60/(-62721)) + 5 + (-6)/15.
2, 7, 13, 23
Suppose -4*n + 2*d + 6 = -6*n, d = 2*n - 9. Suppose -4*a + n*f + 1132 = a, 453 = 2*a - f. What are the prime factors of a?
2, 113
Let q be (-3)/(-2) + (-27)/(-18). Let y(g) = -g**3 + 3*g**2 + 5. Let o be y(q). Suppose 0 = -o*u + 223 + 32. What are the prime factors of u?
3, 17
Let k(s) = 10*s + 438. Let n(v) = 18*v + 877. Let j(f) = -11*k(f) + 6*n(f). List the prime factors of j(0).
2, 3, 37
Let a(m) = m**3 + 20*m**2 + 9*m + 23. Let x be a(-17). Suppose 0 = 11*k - 660 - x. List the prime factors of k.
127
Let r(m) = 8*m**2 - 1001*m + 92. List the prime factors of r(133).
43, 197
List the prime factors of -2 + 40034 + ((-437)/(-230) - 7/(-70)).
2, 37, 541
Let g(r) = -10*r + 70. Let m be g(5). What are the prime factors of -125*(2/(8/m))/(-1)?
5
Let j = 1840 - -6179. What are the prime factors of j?
3, 11
Suppose -10142*p + 113500 = -10117*p. What are the prime factors of p?
2, 5, 227
List the prime factors of (4 - (-353958)/11) + 6.
2, 13, 619
Let y(p) = p**2 + 8*p + 19. Let d be y(-8). Let n = -15 + d. Suppose -l - 264 = -n*l. What are the prime factors of l?
2, 11
Suppose 0 = 6*b - 67 - 65. Suppose b*d - 18*d - 20 = 0. Let o(m) = m + 37. What are the prime factors of o(d)?
2, 3, 7
Let q(c) = 986*c - 784. List the prime factors of q(7).
2, 7, 19, 23
Suppose -31*v + 9624 = 4*u - 33*v, -5*u - 4*v + 11991 = 0. What are the prime factors of u?
3, 89
Let b be ((-26)/52)/(0 + (-2)/(-304)). What are the prime factors of (-114)/b*(-3)/((-18)/1636)?
409
Suppose -4*d + 301927 = 5*m, 8*d + 483076 = 8*m + 12*d. List the prime factors of m.
60383
List the prime factors of (10 - 1037256/(-77)) + (-2 + 6)/28.
13, 17, 61
Let r = 3332 - -1999. What are the prime factors of r?
3, 1777
Let j(q) = 17*q**3 - 2*q**2 + 2*q - 2. Let l be j(2). Let f = l + -52. Suppose c - f = -3*i, 5*i + 38 = c - 0*i. What are the prime factors of c?
3, 7
List the prime factors of ((-7399)/3038 + (-2)/31)*376482/(-15).
17, 3691
Suppose -7*b - 76 = -2050. Suppose 0 = r + 4*y + b, 5*r - 4*y + 846 = -540. Let s = r - -481. List the prime factors of s.
7, 29
Let b(g) = 5*g - 9. Let n be b(3). Let l be (-398)/(-8) - n/8. What are the prime factors of ((-3)/(-7) - -3)*l/2?
2, 3, 7
Let d = 8708 + -2395. List the prime factors of d.
59, 107
Let b be 2 - -2 - (24 - 5879). Suppose 4*i + 0*i - 16 = 0, -b = -5*y - i. List the prime factors of y.
1171
Let f = 9395 + -7931. What are the prime factors of f?
2, 3, 61
Suppose 3*m + 83 = -2*c, 10*c = 11*c - m + 44. Let t = c + 264. List the prime factors of t.
13, 17
Suppose 0 = -208*j + 2030394 + 5439302. What are the prime factors of j?
2, 67
Let u = -2605 + 4511. Suppose -376 = -7*z + u. List the prime factors of z.
2, 163
Let n(m) be the third derivative of 5/3*m**3 - 11/24*m**4 + 22*m**2 + 0 + 0*m + 13/60*m**5. What are the prime factors of n(4)?
2, 3, 29
Let g(r) = -r**2 + 86*r + 61. Let n(d) = -2*d**2 + 88*d + 62. Let v(o) = 4*g(o) - 3*n(o). What are the prime factors of v(-43)?
2, 79
Suppose y + 3*y = 12. Let b(x) = -3*x**2 + 2*x**y + 2 - 6 - 12*x + 10*x. List the prime factors of b(3).
17
Suppose -4*a - 835 = a. Let u(z) = -315*z - 53. Let q be u(-1). Let s = q + a. List the prime factors of s.
5, 19
Suppose 3*n - 23121 = -h + 2*n, 0 = -4*h - 3*n + 92479. What are the prime factors of h?
2, 5779
Let z(v) = -v**3 - 7*v**2 - 10*v - 21. Let c be z(-6). Suppose -i = o - 3*o - 265, c*i + 4*o = 745. What are the prime factors of i?
3, 5, 17
Suppose 4*q + 39 - 11 = 0. Let w = 15 - q. Suppose w*r - 20*r = 204. List the prime factors of r.
2, 3, 17
Suppose 0 = -3*v - 2*v - 4*d + 51550, -v - d = -10310. Suppose 11*g + 2522 = v. What are the prime factors of g?
2, 3, 59
Suppose 0 = v + 20179 - 66450. What are the prime factors of v?
46271
Let d(s) = 26 + 14*s**3 + 20*s**3 - 19*s**2 + 12*s**3 - 47*s**3 - 17*s. Let j be d(-18). Let l(p) = 14*p + 17. What are the prime factors of l(j)?
3, 43
Let x be 1 + (-10)/(-2) + -3. Let m be (48 - 2)/(-5 + 3). What are the prime factors of ((-50)/x)/(m/21 + 1)?
5, 7
List the prime factors of (12/10)/((-4266206)/109390 - -39).
3, 10939
Let v be (-25)/(-10)*-2 + 1. Let z be -6*(v + 8/3). Suppose -1 = a, -j - z + 38 = 4*a. List the prime factors of j.
2, 17
Suppose w - 15023 = -f + 7042, 5*w = 5. List the prime factors of f.
2, 7, 197
Suppose 3*l = 4*j + 53103, 4*j - 247678 = -l - 13*l. List the prime factors of l.
13, 1361
Let l be ((-236)/(-16))/(2*3/336). Let n = 2444 - l. List the prime factors of n.
2, 809
Let t be (-582)/(1 + 1 + -3). Let y(b) = -3*b + 1504. Let m be y(42). Suppose -m - t = -8*u. What are the prime factors of u?
5, 7
List the prime factors of 20132*(62/310 - (-3)/35).
2, 719
Suppose 4*t + p + 62 - 376 = 0, 0 = -4*t - 3*p + 318. Suppose -2*u + 5*u - 528 = 0. Suppose u = d + t. List the prime factors of d.
2, 7
Suppose -24 = -34*m + 30*m, 0 = -5*t + 4*m + 28826. List the prime factors of t.
2, 5, 577
Suppose u + 4 = -5*s - 0*s, 4*s + 67 = 5*u. Let d(l) = -l**3 - 9*l**2 + 11*l - 20. Let y be d(-10). List the prime factors of (44/24)/u + (-7195)/y.
2, 3, 5
Let l = 10232 + 37552. List the prime factors of l.
2, 3, 11, 181
Let a = 16 + -68. Let h(q) = 5*q**2 - 5*q + 2. Let y be h(-4). Let p = y + a. What are the prime factors of p?
2, 5
Suppose -4*i + 10*n = 6*n - 82192, -i + 20547 = -2*n. List the prime factors of i.
20549
Suppose 0 = -5*y + 5*d + 67565, -40531 = -3*y + 18*d - 19*d. What are the prime factors of y?
59, 229
Let d(v) = -v**3 - 3*v**2 + 12*v - 8. Let a be 2/1*35/(-10). What are the prime factors of d(a)?
2, 13
Let 